{"id":36,"date":"2018-02-28T01:05:45","date_gmt":"2018-02-28T00:05:45","guid":{"rendered":"https:\/\/www.it-svbuero.de\/?page_id=36"},"modified":"2023-01-07T00:04:40","modified_gmt":"2023-01-06T23:04:40","slug":"kooperationen","status":"publish","type":"page","link":"https:\/\/www.it-svbuero.de\/?page_id=36","title":{"rendered":"Kooperationen"},"content":{"rendered":"<p>Wir gehen gezielte Kooperationen ein um unsere Leistungen noch umfassender erbringen zu k\u00f6nnen.<\/p>\n<p>Zur Zeit bestehen folgende enge Zusammenarbeiten<\/p>\n<ul>\n<li>Sachverst\u00e4ndigenb\u00fcro Ralf Marquis, Wuppertal (http:\/\/www.edvgutachter.de)<\/li>\n<li>Sachverst\u00e4ndigenb\u00fcro Peter Hoffmann, Mannheim und Weingarten (Pfalz) (http:\/\/www.sv-hoffmann.de)<\/li>\n<\/ul>\n","protected":false},"excerpt":{"rendered":"<p>Wir gehen gezielte Kooperationen ein um unsere Leistungen noch umfassender erbringen zu k\u00f6nnen. Zur Zeit bestehen folgende enge Zusammenarbeiten Sachverst\u00e4ndigenb\u00fcro Ralf Marquis, Wuppertal (http:\/\/www.edvgutachter.de) Sachverst\u00e4ndigenb\u00fcro Peter Hoffmann, Mannheim und Weingarten (Pfalz) (http:\/\/www.sv-hoffmann.de)<\/p>\n","protected":false},"author":1,"featured_media":0,"parent":2,"menu_order":30,"comment_status":"closed","ping_status":"closed","template":"","meta":{"footnotes":""},"class_list":["post-36","page","type-page","status-publish","hentry"],"_links":{"self":[{"href":"https:\/\/www.it-svbuero.de\/index.php?rest_route=\/wp\/v2\/pages\/36","targetHints":{"allow":["GET"]}}],"collection":[{"href":"https:\/\/www.it-svbuero.de\/index.php?rest_route=\/wp\/v2\/pages"}],"about":[{"href":"https:\/\/www.it-svbuero.de\/index.php?rest_route=\/wp\/v2\/types\/page"}],"author":[{"embeddable":true,"href":"https:\/\/www.it-svbuero.de\/index.php?rest_route=\/wp\/v2\/users\/1"}],"replies":[{"embeddable":true,"href":"https:\/\/www.it-svbuero.de\/index.php?rest_route=%2Fwp%2Fv2%2Fcomments&post=36"}],"version-history":[{"count":1,"href":"https:\/\/www.it-svbuero.de\/index.php?rest_route=\/wp\/v2\/pages\/36\/revisions"}],"predecessor-version":[{"id":37,"href":"https:\/\/www.it-svbuero.de\/index.php?rest_route=\/wp\/v2\/pages\/36\/revisions\/37"}],"up":[{"embeddable":true,"href":"https:\/\/www.it-svbuero.de\/index.php?rest_route=\/wp\/v2\/pages\/2"}],"wp:attachment":[{"href":"https:\/\/www.it-svbuero.de\/index.php?rest_route=%2Fwp%2Fv2%2Fmedia&parent=36"}],"curies":[{"name":"wp","href":"https:\/\/api.w.org\/{rel}","templated":true}]}}