{"id":13,"date":"2018-02-28T00:28:12","date_gmt":"2018-02-27T23:28:12","guid":{"rendered":"https:\/\/www.it-svbuero.de\/?page_id=13"},"modified":"2023-01-07T00:02:41","modified_gmt":"2023-01-06T23:02:41","slug":"personen","status":"publish","type":"page","link":"https:\/\/www.it-svbuero.de\/?page_id=13","title":{"rendered":"Personen"},"content":{"rendered":"<p>Die Mitglieder des Sachverst\u00e4ndigenb\u00fcros Prof. Pausch &amp; Partner sind langj\u00e4hrige IT-Spezialisten und verf\u00fcgen zusammen \u00fcber mehr als 25 Jahre Erfahrung als \u00f6ffentlich bestellte u<br \/>\nnd vereidigte Sachverst\u00e4ndige.<\/p>\n<p>Zur Zeit sind aktiv:<\/p>\n<ul>\n<li>Frau Dr. Simone Richter als ehemals von der IHK Darmstadt \u00f6ffentlich bestellte und vereidigte Sachverst\u00e4ndige f\u00fcr Systeme und Anwendungen der Informationstechnologie<\/li>\n<li>Herr Dipl.-Ing. Mathias G\u00e4rtner als von der IHK Darmstadt \u00f6ffentlich bestellter und vereidigter Sachverst\u00e4ndiger f\u00fcr Systeme und Anwendungen der Informationstechnologie f\u00fcr den Bereich Netzwerktechnik<\/li>\n<\/ul>\n<p>Der Namensgeber, Herr Prof. Dr. Pausch, ist leider verstorben.<\/p>\n<p>Weiterhin arbeiten wir mit dem Sachverst\u00e4ndigenb\u00fcro Peter Hoffmann Mannheim und Weingarten (Pfalz) zusammen.<\/p>\n<p>Mit dem Sachverst\u00e4ndigen Ralf Marquis aus Wuppertal besteht ebenfalls eine enge Kooperation.<\/p>\n","protected":false},"excerpt":{"rendered":"<p>Die Mitglieder des Sachverst\u00e4ndigenb\u00fcros Prof. Pausch &amp; Partner sind langj\u00e4hrige IT-Spezialisten und verf\u00fcgen zusammen \u00fcber mehr als 25 Jahre Erfahrung als \u00f6ffentlich bestellte u nd vereidigte Sachverst\u00e4ndige. Zur Zeit sind aktiv: Frau Dr. Simone Richter als ehemals von der IHK Darmstadt \u00f6ffentlich bestellte und vereidigte Sachverst\u00e4ndige f\u00fcr Systeme und Anwendungen der Informationstechnologie Herr Dipl.-Ing. Mathias [&hellip;]<\/p>\n","protected":false},"author":1,"featured_media":0,"parent":2,"menu_order":10,"comment_status":"closed","ping_status":"closed","template":"","meta":{"footnotes":""},"class_list":["post-13","page","type-page","status-publish","hentry"],"_links":{"self":[{"href":"https:\/\/www.it-svbuero.de\/index.php?rest_route=\/wp\/v2\/pages\/13","targetHints":{"allow":["GET"]}}],"collection":[{"href":"https:\/\/www.it-svbuero.de\/index.php?rest_route=\/wp\/v2\/pages"}],"about":[{"href":"https:\/\/www.it-svbuero.de\/index.php?rest_route=\/wp\/v2\/types\/page"}],"author":[{"embeddable":true,"href":"https:\/\/www.it-svbuero.de\/index.php?rest_route=\/wp\/v2\/users\/1"}],"replies":[{"embeddable":true,"href":"https:\/\/www.it-svbuero.de\/index.php?rest_route=%2Fwp%2Fv2%2Fcomments&post=13"}],"version-history":[{"count":3,"href":"https:\/\/www.it-svbuero.de\/index.php?rest_route=\/wp\/v2\/pages\/13\/revisions"}],"predecessor-version":[{"id":39,"href":"https:\/\/www.it-svbuero.de\/index.php?rest_route=\/wp\/v2\/pages\/13\/revisions\/39"}],"up":[{"embeddable":true,"href":"https:\/\/www.it-svbuero.de\/index.php?rest_route=\/wp\/v2\/pages\/2"}],"wp:attachment":[{"href":"https:\/\/www.it-svbuero.de\/index.php?rest_route=%2Fwp%2Fv2%2Fmedia&parent=13"}],"curies":[{"name":"wp","href":"https:\/\/api.w.org\/{rel}","templated":true}]}}